 z and 81.
9
Suppose 2*t + 3*t - 45 = 0. Let y be ((-19)/2)/((-3)/(-30)). Let u = y - -158. What is the highest common divisor of u and t?
9
Suppose 9 + 15 = 8*d. What is the highest common divisor of 33 and d?
3
Suppose -2 = w - d + 9, -w - 11 = 4*d. Let l be -2 + 1 + -1 - w. Let z be 18/4*(4 + -2). Calculate the greatest common divisor of z and l.
9
Let m = -38 + 66. Calculate the highest common divisor of m and 224.
28
Let n(w) = w**2 - 3*w - 1. Let f be n(-2). Suppose -f = -5*g + 26. Let h = 2 + g. What is the greatest common divisor of h and 99?
9
Let d(z) = 23*z**2 - 2*z - 2. Let q be d(-1). Calculate the greatest common divisor of q and 253.
23
Suppose f - 6 + 4 = 0. Suppose f*b + 4 = 4*b. What is the greatest common factor of b and 6?
2
Let j(i) = -i**2 - 6*i + 44. Let u be j(-10). Let o = -28 + 44. What is the highest common divisor of o and u?
4
Suppose 0 = -4*d - 0*d. Let q = 2 - d. Suppose 5*m + 0*s = 5*s + 15, -q*m + 12 = -5*s. What is the highest common divisor of m and 1?
1
Let u be (14/(-4) + 3)*2. Let p be (2 - 0) + 0/u. Calculate the highest common divisor of p and 2.
2
Suppose 15 = 4*f - f, -3*s = -f - 10. Suppose 5*n - 115 = -5*m, s*m + n = 5*n + 88. What is the greatest common divisor of 20 and m?
20
Let l(w) = 3*w**3 - 6*w**2 + 3. Let k be l(4). Let r = 28 + -8. Let x be 22/10*r/4. What is the highest common factor of x and k?
11
Let x(m) = -6*m**2 - 2*m - 1. Let s be x(-1). Let z be ((-2)/s)/((-1)/(-5)). Calculate the greatest common divisor of z and 8.
2
Let o(q) = -q**2 - 8*q - 3. Let u be o(-7). Let g = u + 8. Let j(y) = y**2 - 2*y - 2. Let k be j(4). What is the greatest common factor of g and k?
6
Suppose 2*d + 2*d - 128 = 4*t, 5*t = -d - 136. Let y = 105 + t. Calculate the greatest common divisor of y and 11.
11
Let t be (-4)/(-36) + 80/9. What is the greatest common factor of 36 and t?
9
Suppose -3*m - 1 = 2*z - 131, m - 35 = z. Suppose 0 = 5*q + x - 202, -x = 4*q - 4 - 158. Suppose 3*i - 7*i = -q. What is the highest common factor of m and i?
10
Let i be 44/10 + 6/(-15). Calculate the highest common factor of 32 and i.
4
Let a = -54 - -76. Calculate the greatest common divisor of a and 22.
22
Suppose 457 = 7*q - 110. Calculate the greatest common factor of 27 and q.
27
Let h = -32 + 62. Calculate the highest common divisor of 6 and h.
6
Suppose 0*m = 4*m - 5*z - 18, 5*m + 3*z - 4 = 0. What is the highest common divisor of m and 1?
1
Let u(a) = -2*a**2 + 2*a - 6. Let b be u(4). Let n be 2/(-3)*(3 + b). Let o(h) = -h**2 + 9*h - 2. Let j be o(4). What is the greatest common factor of n and j?
18
Suppose 2*z - 4*n = -16, 2*z - n = n - 6. Suppose 4*b - 184 = 2*h - 0*h, z*b - 3*h = 84. Let r be 236/16 + 35/28. What is the highest common divisor of r and b?
16
Let j = -15 + 23. What is the highest common factor of 40 and j?
8
Suppose 0 = -6*j + 2*j + 36. What is the greatest common divisor of j and 45?
9
Let s = 0 - 0. Let i(g) = 9*g**2 - g. Let f be i(1). Let h = f - s. What is the highest common factor of 20 and h?
4
Let u be 18/3*(-17)/(-2). Let w = u + -30. Suppose -36 - 6 = -3*n. Calculate the highest common factor of n and w.
7
Suppose 2*v + 2*g = 7*g + 58, g - 72 = -4*v. Calculate the greatest common divisor of v and 171.
19
Suppose 9 = k + 2*k. Let u(b) = -b + 9. Let f be u(5). Suppose f*g = 6 - 2. Calculate the highest common factor of g and k.
1
Suppose -4*r = -8*r. Suppose -40 = -r*n - 4*n. Suppose -20 = -2*j - 4*o, 0*j + 2*o + 20 = 2*j. Calculate the greatest common factor of n and j.
10
Let n = -132 - -89. Let f = -8 - 68. Let h = n - f. What is the highest common factor of 3 and h?
3
Let x = 16 + 4. Calculate the highest common divisor of x and 20.
20
Suppose -3*l = -3*o + 39 + 405, -4*o = 3*l - 627. Calculate the highest common factor of o and 17.
17
Let x(f) = 1 - f**2 + 8*f + 2 + 2*f. Let z be x(7). Calculate the highest common divisor of z and 6.
6
Let u = -36 - -99. What is the greatest common divisor of 7 and u?
7
Let y = -10 + 38. Let q = 42 - y. Calculate the highest common factor of 28 and q.
14
Let t(q) = -q**3 + 9*q**2 - 13*q + 2. Let l be t(7). Calculate the greatest common divisor of l and 117.
9
Let r be (2/(-3))/((-4)/138). Let m = 15 + -4. Let n = r - m. What is the greatest common factor of 132 and n?
12
Let v(h) = -4*h + 4. Let r be v(-5). Suppose -14 = -4*t + 50. What is the highest common factor of t and r?
8
Suppose -189 = -8*i + 5*i. What is the highest common divisor of i and 7?
7
Suppose -11 = t - 13. What is the highest common factor of t and 26?
2
Let a = -2 + 4. Let v(h) = 5*h - 2*h**2 + 0*h**2 + h**a. Let s be v(3). What is the greatest common factor of s and 12?
6
Let x = 5 - -8. Let l(c) be the first derivative of -c**4/2 - c**3/3 + 2*c**2 - 5*c - 2. Let k be l(-4). Calculate the highest common divisor of x and k.
13
Suppose 5*v - l - 21 = 0, l + l = -v + 2. Let x(y) = -y**2 - 6*y + 5. Let g be x(-5). Let n = g + v. Calculate the highest common divisor of 112 and n.
14
Let h be ((-105)/10 - -3)/((-1)/2). Calculate the highest common divisor of 10 and h.
5
Let a = -8 + 12. Let q be 0/(-1 + 4) - -4. What is the greatest common factor of q and a?
4
Let x(a) = 2*a - 11. Let r be x(8). Let o = 50 - 30. What is the highest common factor of o and r?
5
Let r = 32 - 26. What is the greatest common factor of 24 and r?
6
Let u be 16 + (0 + -1)*-1. Calculate the highest common factor of 17 and u.
17
Let a be ((-6)/9)/(1/(-3)). Suppose -3*t - 4*r + 332 = 0, a*t - 3*r + 327 = 5*t. What is the greatest common factor of t and 13?
13
Let f be (-7 - -2) + 2 + 1. Let q be 53 - (f + 3 + 0). Calculate the greatest common divisor of 130 and q.
26
Suppose -4*q - 21 = -3*i - 0*q, 3*q = 9. Suppose -3*w + 165 + 3 = -5*b, 4*b = -12. Suppose -w - 169 = -5*m. Calculate the greatest common factor of m and i.
11
Let n = -4 + 9. Suppose -a = n*v + 4*a - 15, 2*v = 2*a + 2. Let o be (-3 - v)/(3 + -4). Calculate the highest common factor of 5 and o.
5
Suppose 5*r - 5*v - 200 = 0, r - v = v + 35. Let g = -5 + 23. Calculate the highest common divisor of g and r.
9
Suppose 0 = 5*q - 160 - 430. What is the highest common divisor of 59 and q?
59
Suppose 0*o = -2*o - 0*o. Let d(l) be the first derivative of l**3/3 - l**2/2 + 16*l - 1. Let f be d(o). Calculate the greatest common divisor of 24 and f.
8
Suppose -2*o = -264 - 222. Calculate the greatest common factor of 27 and o.
27
Suppose 40 = c + 3*c. Let i be (-3)/1*(-1 + 2). Let p be 3*(2 - 4/i). What is the highest common factor of p and c?
10
Let w(y) = -y**2 - 7*y - 3. Let s be w(-6). Let d = 5 + s. What is the highest common factor of d and 32?
8
Let z(d) = d + 14. Let m be z(-12). Let o be (4/4*-10)/(-2). Calculate the greatest common factor of m and o.
1
Suppose o - 4*k = -3*k + 1, 0 = 2*o + k - 8. Calculate the highest common factor of 6 and o.
3
Suppose -143 = -3*j - 17. Calculate the greatest common factor of 105 and j.
21
Suppose -2*y - 6 = 0, -g + 81 = g - 3*y. Suppose 5*r - 5 + 23 = 2*p, 4*p - g = -r. Calculate the greatest common divisor of p and 27.
9
Let m(f) = f - 1. Let n be m(7). Suppose 0 = -3*l - 2*a + 22, 2*l + 4 + 3 = 3*a. Calculate the greatest common factor of l and n.
2
Let m(q) = -q**3 + 8*q**2 - 5*q + 1. Let w be m(7). Suppose 2*v - 7 = 3*t - 35, -3*v = w. What is the highest common divisor of 42 and t?
6
Suppose 3*l - 120 = -0*l. Suppose -26 = 3*m + 4*c, -3*m + c - 16 - 15 = 0. Let p be 604/6 + m/15. Calculate the highest common factor of l and p.
20
Let q(y) = -70*y**3 - y**2 + 1. Let f be q(-1). Let a = f + -15. What is the highest common factor of 5 and a?
5
Let a(k) = -5*k - 3. Let s(u) = 4*u + 3. Let x(j) = 6*a(j) + 7*s(j). Let m be x(3). Let r = 15 + m. What is the highest common divisor of 8 and r?
4
Let w = -10 - -15. Suppose 2*v = l + 3, 4*v + 0*v + 15 = w*l. Let y(z) = z**2 - 2*z - 3. Let b be y(-4). What is the greatest common factor of l and b?
7
Suppose -i + 6 = 3*b, 7*i = 4*i + 3*b - 6. Suppose 2*t = -4, -3*z - 2*t - t + 102 = i. What is the highest common factor of z and 24?
12
Let o(v) = 4 - 3*v**2 + 2*v**2 + 2*v**2 - 2*v. Let x be o(3). Suppose 1 - x = -2*a. Calculate the highest common factor of a and 2.
1
Let h be 2/(-2) + 1 - -6. Calculate the greatest common divisor of h and 24.
6
Suppose -2*w = -2 - 2. Suppose 